39*d**2 + 89*d + 1932. Give b(-46).
-46
Let j(l) = -17*l**2 - 13*l - 40. Calculate j(-5).
-400
Let b(a) = a**3 + 111*a**2 + 27*a + 3030. Calculate b(-111).
33
Let n(j) = 786*j - 9645. Give n(12).
-213
Let i(r) = -28868*r + 1905287. Calculate i(66).
-1
Let k(s) = -811*s**2 - 125705*s - 22. Calculate k(-155).
-22
Let v(w) = 3*w**3 - 452*w**2 + 740*w + 692. Give v(149).
-53
Let z(q) = -150*q**2 + 627*q + 1853. Give z(-2).
-1
Let z(v) = -v**3 + 126*v**2 - 713*v - 7. Calculate z(6).
35
Let r(s) = -3125*s + 399979. Determine r(128).
-21
Let g(i) = 131*i**3 - 534*i**2 + 39*i - 3. Give g(4).
-7
Let p(j) = -2*j**3 - 6*j**2 + 18239*j - 242. Determine p(94).
40
Let b(f) = -138*f + 3139. Determine b(24).
-173
Let s(h) = -h**3 - 172*h**2 + 3411*h - 2066. Give s(-190).
-356
Let x(a) = 6*a**2 - 135*a + 996. Give x(7).
345
Let j(z) = -z**2 + 234*z - 4971. Determine j(153).
7422
Let z(g) = -64297*g - 1543073. What is z(-24)?
55
Let h(w) = -3904*w - 183598. Calculate h(-47).
-110
Let y(w) = 222*w**2 - 66593*w - 2366. What is y(300)?
-266
Let a(v) = -419*v + 4175. Give a(10).
-15
Let r(w) = -w**3 + 239*w**2 - 1149*w - 4785. Determine r(234).
129
Let y(x) = 2*x**2 - 768*x + 73713. Give y(191).
-13
Let w(q) = -q**3 + 40*q**2 + 72*q - 198. Determine w(42).
-702
Let v(l) = -463*l**2 - 6978*l - 465. Determine v(-15).
30
Let y(a) = 3*a**2 - 113*a - 1047. Calculate y(43).
-359
Let h(m) = -m**3 - 10*m**2 + 45*m + 340. Calculate h(-8).
-148
Let k(p) = 3178*p - 2285016. Determine k(719).
-34
Let t(z) = z**3 + 243*z**2 + 239*z + 2232. What is t(-242)?
2958
Let q(j) = -j**2 + 597*j - 50475. Calculate q(102).
15
Let x(a) = a**3 + 49*a**2 + 51*a + 84. Determine x(-48).
-60
Let d(q) = -q**2 - 65*q + 3777. What is d(-102)?
3
Let a(s) = 96359*s - 385427. Give a(4).
9
Let a(t) = 3*t**2 - 401*t - 83871. Give a(-113).
-251
Let z(r) = -331*r**2 - 18*r - 28. Determine z(-4).
-5252
Let q(t) = t**3 - 24*t**2 + 68*t - 7. Give q(17).
-874
Let r(i) = -124*i**2 - 73*i + 148. Give r(2).
-494
Let p(f) = -f**2 - 2541*f - 708830. Give p(-319).
-12
Let q(f) = -9*f**2 + 1388*f + 8277. Determine q(-6).
-375
Let j(t) = -93*t**2 + 4630*t + 982. What is j(50)?
-18
Let v(y) = 42*y**2 - 9*y - 11. Determine v(-1).
40
Let c(b) = -b**2 + 48*b - 174. Calculate c(7).
113
Let r(y) = -18204*y + 218222. Give r(12).
-226
Let v(g) = g**3 + 8*g**2 + 2117*g - 21287. Determine v(10).
1683
Let k(b) = -6*b**2 + 8424*b - 50590. Determine k(6).
-262
Let t(x) = x**3 + 16*x**2 + 617*x + 6767. Determine t(-11).
585
Let z(n) = 1436*n + 44687. Calculate z(-30).
1607
Let q(i) = -59*i**2 + 76*i + 381. Determine q(-5).
-1474
Let r(x) = x**2 + 1441*x - 140511. Calculate r(91).
-1099
Let j(o) = -2063*o + 959. Determine j(2).
-3167
Let b(r) = -3*r**2 + 179*r - 1703. What is b(12)?
13
Let g(x) = -x**3 + 412*x**2 + 45785*x - 6022. Determine g(503).
14
Let k(s) = 42010*s + 252211. Determine k(-6).
151
Let a(w) = w**3 + 77*w**2 - 9*w - 294. Give a(2).
4
Let o(r) = r**3 - 17*r**2 - 104*r - 197. Give o(22).
-65
Let w(v) = v**3 - 52*v**2 - 1223*v + 53458. Calculate w(57).
-8
Let m(v) = v**3 + 523*v**2 + 1067*v + 12989. Give m(-521).
-36
Let n(m) = -21*m**2 - 3255*m - 9772. Give n(-3).
-196
Let s(d) = -2*d**2 + 36*d - 1356. Determine s(0).
-1356
Let t(g) = 4006*g - 112124. Calculate t(28).
44
Let r(u) = -2*u**3 + 106*u**2 + 6*u - 197. Give r(53).
121
Let n(a) = -1831*a + 113686. What is n(62)?
164
Let h(y) = -8*y**2 + 40*y - 252. What is h(0)?
-252
Let s(r) = 439*r**2 + 522*r - 75. Determine s(-3).
2310
Let z(k) = -k**2 - 350*k - 28854. Determine z(-211).
475
Let r(w) = w**2 - 140704*w - 1970056. Give r(-14).
-4
Let k(a) = -11467*a + 11424. Calculate k(1).
-43
Let t(r) = 2165*r + 19466. Calculate t(-9).
-19
Let w(q) = 172*q**2 - 42*q - 68. What is w(-2)?
704
Let t(u) = -104*u + 2690. Give t(37).
-1158
Let c(d) = 2*d**2 + d - 147. Give c(15).
318
Let s(d) = 1779*d + 117420. Give s(-66).
6
Let r(w) = -1035*w**2 + 6213*w + 7. Calculate r(6).
25
Let a(j) = 110*j - 5128. Give a(46).
-68
Let j(n) = -n**3 + 134*n**2 - 1398*n - 8130. Calculate j(122).
-78
Let w(g) = g**3 - 227*g**2 + 3954*g - 115. What is w(19)?
-77
Let j(p) = -9*p**2 - 1940*p - 39174. Give j(-193).
5
Let p(w) = -190*w - 107158. Determine p(-564).
2
Let h(p) = -103*p**2 - 30075*p + 307. What is h(-292)?
15
Let y(i) = i**3 - 5*i**2 + 218*i - 1914. Calculate y(8).
22
Let w(k) = 3655*k + 2900. Determine w(-1).
-755
Let y(w) = 8*w**2 - 1382*w + 56019. Give y(65).
-11
Let y(c) = -13101*c - 1768627. What is y(-135)?
8
Let d(p) = -p**2 + 70*p + 14401. Calculate d(159).
250
Let o(x) = -x**3 - 73*x**2 + 156*x - 3784. What is o(-76)?
1688
Let h(m) = -3*m**2 + 4391*m + 561600. Determine h(1582).
-10
Let b(c) = 2*c**2 + 187*c - 793. Give b(-90).
-1423
Let s(n) = 2661661*n - 53233222. What is s(20)?
-2
Let l(s) = 3*s**2 - 95*s + 603. Calculate l(20).
-97
Let v(y) = 795*y - 16946. What is v(20)?
-1046
Let x(h) = -13*h**3 - 222*h**2 - 187*h + 1. What is x(-1)?
-21
Let n(w) = 2*w**2 - 10149*w - 50824. Calculate n(-5).
-29
Let p(f) = -203*f**2 - 18679*f - 280. Calculate p(-92).
-4
Let k(y) = 3*y**2 - 1467*y + 68169. What is k(52)?
-3
Let d(s) = -386*s - 110364. Determine d(-291).
1962
Let s(l) = -27*l**2 - 494*l + 144996. Calculate s(-83).
-5
Let r(g) = -g**3 - 304*g**2 + 4119*g - 686. Give r(-317).
-52
Let t(p) = p**3 + 82*p**2 - 1696*p + 55. What is t(17)?
-166
Let h(u) = 3*u**3 - u**2 + 5*u - 349. What is h(0)?
-349
Let b(x) = -2316*x - 467852. What is b(-202)?
-20
Let s(z) = -17645*z + 105931. Calculate s(6).
61
Let i(w) = 2*w**3 - 29*w**2 - 2232*w + 237. Determine i(-27).
-6
Let r(h) = 3*h**3 - 468*h**2 - 5512*h - 17. Give r(-11).
-6
Let s(f) = -f**3 - 138*f**2 + 234*f - 5851. Calculate s(-140).
589
Let p(q) = -3*q**2 + 4469*q - 26679. Determine p(6).
27
Let o(b) = -6*b**3 + 28*b**2 - 29*b + 58. What is o(4)?
6
Let b(a) = -57137*a + 400010. Determine b(7).
51
Let i(h) = 31*h + 346. What is i(-16)?
-150
Let w(t) = -147*t + 36588. Calculate w(195).
7923
Let h(p) = 10239*p + 1351589. What is h(-132)?
41
Let i(a) = 154*a**2 - 1189*a + 80. Calculate i(8).
424
Let w(q) = 2*q**3 + 160*q**2 + 1221*q + 97683. What is w(-80)?
3
Let v(h) = -50*h**2 + 800*h - 2749. Determine v(5).
1
Let i(l) = l**3 + 134*l**2 + 2549*l - 344. What is i(-111)?
100
Let n(c) = 2*c**3 + 234*c**2 - 465*c + 1436. What is n(-119)?
127
Let u(k) = 19555*k + 293318. Give u(-15).
-7
Let r(p) = -231*p + 60067. What is r(260)?
7
Let z(a) = a**2 - 654*a + 92743. Determine z(210).
-497
Let q(p) = 41*p - 1062. Calculate q(4).
-898
Let l(p) = p**3 + 5*p**2 - 404*p - 2407. Give l(-6).
-19
Let a(f) = -46*f + 2160. Give a(146).
-4556
Let c(f) = 63*f**3 + 5739*f**2 + 540*f - 598. What is c(-91)?
-52
Let u(f) = 5569*f + 25869. Calculate u(-4).
3593
Let w(i) = 312094*i + 25903804. Determine w(-83).
2
Let t(g) = -18*g - 89. Calculate t(-4).
-17
Let h(t) = 7*t**3 + 1596*t**2 + 37989*t + 9. Calculate h(-201).
9
Let d(o) = -2706*o + 20842. What is d(8)?
-806
Let i(j) = -7596*j + 16468. Give i(2).
1276
Let p(x) = -303*x**2 - 3944*x - 2. Give p(-13).
63
Let l(u) = u**3 + 18*u**2 - 2110*u - 10879. What is l(-5)?
-4
Let k(b) = -85*b**2 + 1458*b - 224. Determine k(17).
-3
Let t(x) = 1410*x + 895338. Calculate t(-635).
-12
Let y(r) = -145887*r - 1167102. Calculate y(-8).
-6
Let g(h) = 19658*h - 412792. Calculate g(21).
26
Let m(y) = -53*y**2 + 7835*y + 1308. Determine m(148).
-24
Let x(l) = 14361*l - 445199. Calculate x(31).
-8
Let n(b) = -b**2 + 2735*b + 19108. Give n(-7).
-86
Let t(k) = 147*k**2 + 353*k - 14. What is t(-3)?
250
Let z(m) = 18*m**3 + 2*m**2 + 2651*m + 2650. Determine z(-1).
-17
Let d(m) = -m**3 + 83*m**2 - 320*m - 180. Give d(79).
-496
Let u(y) = -3*y**2 - 8801*y + 493171. Calculate u(55).
41
Let j(y) = -y**3 + 14*y**2 - 3177*y + 44486. What is j(14)?
8
Let z(f) = -f**3 - 7*f**2 + 255*f + 32. Determine z(-23).
2631
Let c(s) = 154*s**2 + 3675*s - 506. Give c(-24).
-2
Let u(a) = -3*a**3 - 834*a**2 + 9512*a - 7285. What is u(-289)?
-60
Let h(n) = -64225*n - 384753. Determine h(-6).
597
Let z(g) = -g**3 - 27*g**2 - 74*g - 34. Determine z(-24).
14
Let j(u) = 31746*u - 5968249. Determine j(188).
-1
Let n(b) = -12185*b - 83599. What is n(-7)?
1696
Let b(w) = -1007*w + 993. Calculate b(1).
-14
Let d(i) = -i**3 + 606*i**2 + 1215*i - 1. Wh